{"id":1055,"date":"2021-08-11T20:57:07","date_gmt":"2021-08-11T18:57:07","guid":{"rendered":"http:\/\/land-schamane.com\/?page_id=1055"},"modified":"2024-08-09T12:19:26","modified_gmt":"2024-08-09T10:19:26","slug":"verkaufsstaende","status":"publish","type":"page","link":"https:\/\/land-schamane.com\/cms\/verkaufsstaende\/","title":{"rendered":"Verkaufsst\u00e4nde"},"content":{"rendered":"\r\n<h1>Susanne Sommerauer<\/h1>\r\n<p>Light Bear Company<\/p>\r\n<p>T\u00fcrkis-und Silberschmuck, Indianische R\u00e4ucherwaren, Trommeln, Rasseln<\/p>\r\n<p>0664\/35 818 06<\/p>\r\n<p>Testarellegasse 31, 1130 Wien<\/p>\r\n<h2>&nbsp;<\/h2>\r\n<h1>Reinhard Puchinger<\/h1>\r\n<p><img loading=\"lazy\" decoding=\"async\" class=\"alignnone  wp-image-843\" src=\"https:\/\/land-schamane.com\/cms\/wp-content\/uploads\/2021\/07\/reinhard-buchinger.png\" alt=\"\" width=\"443\" height=\"116\" srcset=\"https:\/\/land-schamane.com\/cms\/wp-content\/uploads\/2021\/07\/reinhard-buchinger.png 600w, https:\/\/land-schamane.com\/cms\/wp-content\/uploads\/2021\/07\/reinhard-buchinger-300x79.png 300w\" sizes=\"auto, (max-width: 443px) 100vw, 443px\" \/><\/p>\r\n<p>Trommelbau und Zubeh\u00f6r<\/p>\r\n<p>02864\/28 38<\/p>\r\n<p><a href=\"http:\/\/www.trommelbau.at\">www.trommelbau.at<\/a><\/p>\r\n<h2>&nbsp;<\/h2>\r\n<h1>Georg Schantl<\/h1>\r\n<p><img loading=\"lazy\" decoding=\"async\" class=\"alignnone size-full wp-image-830\" src=\"https:\/\/land-schamane.com\/cms\/wp-content\/uploads\/2021\/07\/georg-schantl.jpg\" alt=\"\" width=\"266\" height=\"199\"><\/p>\r\n<p>Elements of oneness<\/p>\r\n<p>Selbstgefertigte schamanische Produkte,Pfeifen,Trommeln, Rasseln<\/p>\r\n<p>0680\/1292502<\/p>\r\n<p><a href=\"http:\/\/www.elementsofoneness.com\">www.elementsofoneness.com<\/a><\/p>\r\n<h1>&nbsp;<\/h1>\r\n<h1>J\u00f6rg Steinwender<\/h1>\r\n<p><img loading=\"lazy\" decoding=\"async\" class=\"alignnone size-full wp-image-445\" src=\"https:\/\/land-schamane.com\/cms\/wp-content\/uploads\/2019\/06\/gukumatz-final-frei-200x200.png\" alt=\"\" width=\"200\" height=\"200\" srcset=\"https:\/\/land-schamane.com\/cms\/wp-content\/uploads\/2019\/06\/gukumatz-final-frei-200x200.png 200w, https:\/\/land-schamane.com\/cms\/wp-content\/uploads\/2019\/06\/gukumatz-final-frei-200x200-150x150.png 150w\" sizes=\"auto, (max-width: 200px) 100vw, 200px\" \/><\/p>\r\n<p>Erzeugnisse indigenen V\u00f6lkern rund um die Welt<\/p>\r\n<p>9564 Patergassen 56, \u00d6sterreich<\/p>\r\n<p>0043 4275 258<\/p>\r\n<p><a href=\"mailto:shop@gukumatz.at\">shop@gukumatz.at<\/a><\/p>\r\n<p><a href=\"http:\/\/www.gukumatz.at\">www.gukumatz.at<\/a><\/p>\r\n<h2>&nbsp;<\/h2>\r\n<h1>Christopher Amrhein<\/h1>\r\n<h2><img loading=\"lazy\" decoding=\"async\" class=\"wp-image-1234 alignleft\" src=\"https:\/\/land-schamane.com\/cms\/wp-content\/uploads\/2022\/07\/salimutra.jpg\" alt=\"\" width=\"456\" height=\"102\" srcset=\"https:\/\/land-schamane.com\/cms\/wp-content\/uploads\/2022\/07\/salimutra.jpg 850w, https:\/\/land-schamane.com\/cms\/wp-content\/uploads\/2022\/07\/salimutra-300x67.jpg 300w, https:\/\/land-schamane.com\/cms\/wp-content\/uploads\/2022\/07\/salimutra-768x172.jpg 768w\" sizes=\"auto, (max-width: 456px) 100vw, 456px\" \/><\/h2>\r\n<p>&nbsp;<\/p>\r\n<p>&nbsp;<\/p>\r\n<p>&nbsp;<\/p>\r\n<p>&nbsp;<\/p>\r\n<p>Salimutra CD\u00b4s, B\u00fccher, Kalender<\/p>\r\n<p>+498161\/94715<\/p>\r\n<p><a href=\"http:\/\/salimutra.de\">www.salimutra.de<\/a><\/p>\r\n<h2>&nbsp;<\/h2>\r\n<h1>Christian Krainz<\/h1>\r\n<h2><img loading=\"lazy\" decoding=\"async\" class=\"alignnone  wp-image-362\" src=\"https:\/\/land-schamane.com\/cms\/wp-content\/uploads\/2019\/06\/Christina.jpg\" alt=\"\" width=\"185\" height=\"188\"><img loading=\"lazy\" decoding=\"async\" class=\"alignnone  wp-image-1235\" src=\"https:\/\/land-schamane.com\/cms\/wp-content\/uploads\/2022\/07\/cropped-cropped-LOGO-Vitalholz.png\" alt=\"\" width=\"196\" height=\"196\"><\/h2>\r\n<p>Vitalholz, Vitalkn\u00f6pfe, Amulette<\/p>\r\n<p>+43699\/11152949<\/p>\r\n<p><a href=\"http:\/\/www.vitalholz.at\">www.vitalholz.at<\/a><\/p>\r\n<h2>&nbsp;<\/h2>\r\n<h1>Marion Mitter\u00f6ck<\/h1>\r\n<p><img loading=\"lazy\" decoding=\"async\" class=\"alignnone  wp-image-1236\" src=\"https:\/\/land-schamane.com\/cms\/wp-content\/uploads\/2022\/07\/85117087_2528696890572979_4321421872181805056_n.jpg\" alt=\"\" width=\"173\" height=\"308\" srcset=\"https:\/\/land-schamane.com\/cms\/wp-content\/uploads\/2022\/07\/85117087_2528696890572979_4321421872181805056_n.jpg 960w, https:\/\/land-schamane.com\/cms\/wp-content\/uploads\/2022\/07\/85117087_2528696890572979_4321421872181805056_n-169x300.jpg 169w, https:\/\/land-schamane.com\/cms\/wp-content\/uploads\/2022\/07\/85117087_2528696890572979_4321421872181805056_n-576x1024.jpg 576w, https:\/\/land-schamane.com\/cms\/wp-content\/uploads\/2022\/07\/85117087_2528696890572979_4321421872181805056_n-768x1366.jpg 768w, https:\/\/land-schamane.com\/cms\/wp-content\/uploads\/2022\/07\/85117087_2528696890572979_4321421872181805056_n-864x1536.jpg 864w, https:\/\/land-schamane.com\/cms\/wp-content\/uploads\/2022\/07\/85117087_2528696890572979_4321421872181805056_n-300x533.jpg 300w, https:\/\/land-schamane.com\/cms\/wp-content\/uploads\/2022\/07\/85117087_2528696890572979_4321421872181805056_n-850x1511.jpg 850w\" sizes=\"auto, (max-width: 173px) 100vw, 173px\" \/><\/p>\r\n<p>Ramis Elfenland<\/p>\r\n<p>Nadelgefilzte Elfen mit Botschaften<\/p>\r\n<p>8233 Lafnitz 25<\/p>\r\n<p>+43664\/3880471<\/p>\r\n<p><a href=\"mailto:delphinea@aon.at\">delphinea@aon.at<\/a><\/p>\r\n<h2>&nbsp;<\/h2>\r\n<h1>Monika H\u00f6fler<\/h1>\r\n<p><img loading=\"lazy\" decoding=\"async\" class=\"alignnone  wp-image-1269\" src=\"https:\/\/land-schamane.com\/cms\/wp-content\/uploads\/2022\/07\/MonikaGerhardklein.png\" alt=\"\" width=\"218\" height=\"230\"><\/p>\r\n<p>Heilsymbole, Karten und Bilder<br>+43\/664\/341 42 04<br><a href=\"mailto:monika.hoefler@outlook.com\">monika.hoefler@outlook.com<\/a><\/p>\r\n<h2>&nbsp;<\/h2>\r\n<h1>Birgit Aurora Eisele<\/h1>\r\n<p><img loading=\"lazy\" decoding=\"async\" class=\"alignnone size-full wp-image-1822\" src=\"https:\/\/land-schamane.com\/cms\/wp-content\/uploads\/2023\/07\/Bild3.jpg\" alt=\"\" width=\"225\" height=\"232\"><br>Sternzentrale<br>Edelsteine, Seelensprays, R\u00e4ucherware, Muscheln<br>Gl\u00fcckstiere<br><a href=\"http:\/\/www.sternzentrale.de\">www.sternzentrale.de<\/a><\/p>\r\n<p>&nbsp;<\/p>\r\n<h1>Aurelienne Dauguet<\/h1>\r\n<h2><img loading=\"lazy\" decoding=\"async\" class=\"alignnone size-full wp-image-1819\" src=\"https:\/\/land-schamane.com\/cms\/wp-content\/uploads\/2023\/07\/Bild2-e1720036076203.jpg\" alt=\"\" width=\"225\" height=\"231\"><\/h2>\r\n<p>Produkte zum Aura-Schutz<\/p>\r\n<p>zur Aurapflege, Aura-Spray, Beamer, Ohrenkerzen, Energie-Platten<\/p>\r\n<p>+49(0)89\/51 81 85 51<\/p>\r\n<p>&nbsp;<\/p>\r\n<h1><strong><span style=\"font-size: 18pt;\">Matthias Eule<\/span><\/strong><\/h1>\r\n<p><img loading=\"lazy\" decoding=\"async\" class=\"alignnone size-full wp-image-2596\" src=\"https:\/\/land-schamane.com\/cms\/wp-content\/uploads\/2024\/07\/eule-e1720036210794.jpg\" alt=\"\" width=\"225\" height=\"261\"><\/p>\r\n<p>Bewusstseinsscheiben, Lebenslabyrinthe, <br>Seelent\u00fccher, Schmuck<br><a href=\"http:\/\/eulengold.de\">eulengold.de<\/a><\/p>\r\n<p>&nbsp;<\/p>\r\n<h1><strong>Mayan Crafts<\/strong><\/h1>\r\n<p><img loading=\"lazy\" decoding=\"async\" class=\"alignnone  wp-image-2685\" src=\"https:\/\/land-schamane.com\/cms\/wp-content\/uploads\/2024\/08\/Unbenannt.png\" alt=\"\" width=\"223\" height=\"282\" srcset=\"https:\/\/land-schamane.com\/cms\/wp-content\/uploads\/2024\/08\/Unbenannt.png 659w, https:\/\/land-schamane.com\/cms\/wp-content\/uploads\/2024\/08\/Unbenannt-237x300.png 237w\" sizes=\"auto, (max-width: 223px) 100vw, 223px\" \/><\/p>\r\n<p>Handgemachter Schmuck, Pfeifen<\/p>\r\n<p>&amp; weitere Produkte<\/p>\r\n<p>aus \u00d6sterreich und Guatemala<\/p>\r\n<p>+43\/664\/5045171<\/p>\r\n<p>instagram: mayan.crafts<\/p>\r\n<p>&nbsp;<\/p>\r\n<h1><strong>Franz Zacharias \/ Monika Haberhofer<\/strong><\/h1>\r\n<p><img loading=\"lazy\" decoding=\"async\" class=\"alignnone  wp-image-2686\" src=\"https:\/\/land-schamane.com\/cms\/wp-content\/uploads\/2024\/08\/202103040066-1000x9999-1.jpg\" alt=\"\" width=\"449\" height=\"208\" srcset=\"https:\/\/land-schamane.com\/cms\/wp-content\/uploads\/2024\/08\/202103040066-1000x9999-1.jpg 1000w, https:\/\/land-schamane.com\/cms\/wp-content\/uploads\/2024\/08\/202103040066-1000x9999-1-300x139.jpg 300w, https:\/\/land-schamane.com\/cms\/wp-content\/uploads\/2024\/08\/202103040066-1000x9999-1-768x356.jpg 768w\" sizes=\"auto, (max-width: 449px) 100vw, 449px\" \/><\/p>\r\n<p><strong>Edelsteine, Schmuck, Schungit<\/strong><\/p>\r\n<p>Experte f\u00fcr (Edel-)Schungit<\/p>\r\n<p>Shop im CityPark Graz<\/p>\r\n<p>+43\/316\/42 40 95<\/p>\r\n<p><span class=\"xr_tc xr_s0\">franz@zacharias.at<\/span><\/p>\r\n<p>www.zacharias.at<\/p>\r\n<p>&nbsp;<\/p>\r\n<h1>Nyima Rinpoche<\/h1>\r\n<p><img loading=\"lazy\" decoding=\"async\" class=\"alignnone wp-image-2646 \" src=\"https:\/\/land-schamane.com\/cms\/wp-content\/uploads\/2024\/07\/Rinpoche_Foto-e1723189948892.jpg\" alt=\"\" width=\"284\" height=\"238\" srcset=\"https:\/\/land-schamane.com\/cms\/wp-content\/uploads\/2024\/07\/Rinpoche_Foto-e1723189948892.jpg 620w, https:\/\/land-schamane.com\/cms\/wp-content\/uploads\/2024\/07\/Rinpoche_Foto-e1723189948892-300x251.jpg 300w\" sizes=\"auto, (max-width: 284px) 100vw, 284px\" \/><\/p>\r\n<p>Produkte aus Tibet\/ Nordindien der B\u00d6N-Tradition<\/p>\r\n<h1>&nbsp;<\/h1>\r\n<h1>Ivan Alcca Galdos, Amaru &amp; Malku<\/h1>\r\n<p><img loading=\"lazy\" decoding=\"async\" class=\"alignnone  wp-image-1924\" src=\"https:\/\/land-schamane.com\/cms\/wp-content\/uploads\/2023\/07\/Ivan_Malco_Peru_Queros-e1690399263273.jpg\" alt=\"\" width=\"300\" height=\"294\"><\/p>\r\n<p>Peruanische Artikel<br>Facebook\/hanpinallaqtas<\/p>\r\n<p>&nbsp;<\/p>\r\n<h2><img loading=\"lazy\" decoding=\"async\" class=\"alignnone size-full wp-image-2299\" src=\"https:\/\/land-schamane.com\/cms\/wp-content\/uploads\/2024\/01\/logo-sonne_01-e1713289702250.png\" alt=\"\" width=\"250\" height=\"243\"><\/h2>\r\n<h1>Akademie f\u00fcr Europ\u00e4ische<\/h1>\r\n<h1>Naturheilmethoden &amp; Schamanismus<\/h1>\r\n<p>Meditations-Cds von Kurt Br\u00fcckler, Buch: Der Landschamane, Aura-Schutz-Sprays<\/p>\r\n<p>0680\/5527667<\/p>\r\n<p>www.land-schamane.com<\/p>\r\n<p>instagram: <span data-bloks-name=\"bk.components.Text\">akademie__fuer__schamanismus<\/span><\/p>\r\n<p>facebook: Akademie f\u00fcr Europ\u00e4ische Naturheilmethoden &amp; Schamanismus<\/p>\r\n\r\n\r\n","protected":false},"excerpt":{"rendered":"<p>Susanne Sommerauer Light Bear Company T\u00fcrkis-und Silberschmuck, Indianische R\u00e4ucherwaren, Trommeln, Rasseln 0664\/35 818 06 Testarellegasse 31, 1130 Wien &nbsp; Reinhard Puchinger Trommelbau und Zubeh\u00f6r 02864\/28 38 www.trommelbau.at &nbsp; Georg Schantl Elements of oneness Selbstgefertigte schamanische Produkte,Pfeifen,Trommeln, Rasseln 0680\/1292502 www.elementsofoneness.com &nbsp; J\u00f6rg Steinwender Erzeugnisse indigenen V\u00f6lkern rund um die Welt 9564 Patergassen 56, \u00d6sterreich 0043 4275 [&hellip;]<\/p>\n","protected":false},"author":2,"featured_media":0,"parent":0,"menu_order":0,"comment_status":"closed","ping_status":"closed","template":"","meta":{"ngg_post_thumbnail":0,"footnotes":""},"class_list":["post-1055","page","type-page","status-publish","hentry","post"],"_links":{"self":[{"href":"https:\/\/land-schamane.com\/cms\/wp-json\/wp\/v2\/pages\/1055","targetHints":{"allow":["GET"]}}],"collection":[{"href":"https:\/\/land-schamane.com\/cms\/wp-json\/wp\/v2\/pages"}],"about":[{"href":"https:\/\/land-schamane.com\/cms\/wp-json\/wp\/v2\/types\/page"}],"author":[{"embeddable":true,"href":"https:\/\/land-schamane.com\/cms\/wp-json\/wp\/v2\/users\/2"}],"replies":[{"embeddable":true,"href":"https:\/\/land-schamane.com\/cms\/wp-json\/wp\/v2\/comments?post=1055"}],"version-history":[{"count":27,"href":"https:\/\/land-schamane.com\/cms\/wp-json\/wp\/v2\/pages\/1055\/revisions"}],"predecessor-version":[{"id":2692,"href":"https:\/\/land-schamane.com\/cms\/wp-json\/wp\/v2\/pages\/1055\/revisions\/2692"}],"wp:attachment":[{"href":"https:\/\/land-schamane.com\/cms\/wp-json\/wp\/v2\/media?parent=1055"}],"curies":[{"name":"wp","href":"https:\/\/api.w.org\/{rel}","templated":true}]}}