{"id":659,"date":"2020-10-22T08:56:37","date_gmt":"2020-10-22T08:56:37","guid":{"rendered":"http:\/\/land-schamane.com\/?page_id=659"},"modified":"2025-02-25T23:27:40","modified_gmt":"2025-02-25T22:27:40","slug":"kontakt","status":"publish","type":"page","link":"https:\/\/land-schamane.com\/cms\/kontakt\/","title":{"rendered":"Kontakt"},"content":{"rendered":"\r\n<h2 style=\"text-align: center;\"><span style=\"color: #993300;\">SCH\u00d6N, DASS DU DA BIST!<\/span><\/h2>\r\n<p style=\"text-align: center;\"><span style=\"font-size: 14pt;\">Wir helfen dir sehr gerne auf deinem heilsamen Weg zu mehr<\/span><\/p>\r\n<p class=\"cvGsUA direction-ltr align-center para-style-body\" style=\"text-align: center;\"><span style=\"font-size: 14pt;\"><span class=\"OYPEnA text-decoration-none text-strikethrough-none\">GESUNDHEIT, <\/span><span class=\"OYPEnA text-decoration-none text-strikethrough-none\">LEBENSFREUDE<\/span> <span class=\"OYPEnA text-decoration-none text-strikethrough-none\">&amp; <\/span><span class=\"OYPEnA text-decoration-none text-strikethrough-none\">SEELENFRIEDEN!<\/span><\/span><\/p>\r\n<h2><img loading=\"lazy\" decoding=\"async\" class=\"wp-image-428 aligncenter\" src=\"https:\/\/land-schamane.com\/cms\/wp-content\/uploads\/2019\/06\/FB_IMG_1561179927267-e1656939360159.jpg\" alt=\"\" width=\"551\" height=\"376\" srcset=\"https:\/\/land-schamane.com\/cms\/wp-content\/uploads\/2019\/06\/FB_IMG_1561179927267-e1656939360159.jpg 792w, https:\/\/land-schamane.com\/cms\/wp-content\/uploads\/2019\/06\/FB_IMG_1561179927267-e1656939360159-300x205.jpg 300w, https:\/\/land-schamane.com\/cms\/wp-content\/uploads\/2019\/06\/FB_IMG_1561179927267-e1656939360159-768x524.jpg 768w\" sizes=\"auto, (max-width: 551px) 100vw, 551px\" \/><\/h2>\r\n<h2 style=\"text-align: center;\">Dolmar Kurt Br\u00fcckler<\/h2>\r\n<p style=\"text-align: center;\">Schirmherr der Akademie<\/p>\r\n<p style=\"text-align: center;\">anerkannter Schamane der alpenl\u00e4ndischen Tradition<\/p>\r\n<p style=\"text-align: center;\">als auch von indigenen V\u00f6lkern:<\/p>\r\n<p style=\"text-align: center;\">Ehren-Sangoma (S\u00fcdafrika) \u2013 Ayahuascero (Amazonas) \u2013 Pampa Misa (Anden Peru)&nbsp;&nbsp;<\/p>\r\n<p style=\"text-align: center;\"><a href=\"mailto:kurt@land-schamane.com\">kurt@land-schamane.com<\/a><\/p>\r\n<p>&nbsp;<\/p>\r\n<p><img loading=\"lazy\" decoding=\"async\" class=\" wp-image-1807 aligncenter\" src=\"https:\/\/land-schamane.com\/cms\/wp-content\/uploads\/2023\/06\/Marina-Erlacher_Foto_klein-2-266x300.jpg\" alt=\"\" width=\"350\" height=\"395\" srcset=\"https:\/\/land-schamane.com\/cms\/wp-content\/uploads\/2023\/06\/Marina-Erlacher_Foto_klein-2-266x300.jpg 266w, https:\/\/land-schamane.com\/cms\/wp-content\/uploads\/2023\/06\/Marina-Erlacher_Foto_klein-2.jpg 539w\" sizes=\"auto, (max-width: 350px) 100vw, 350px\" \/><\/p>\r\n<h2 style=\"text-align: center;\">Una Marina Erlacher<\/h2>\r\n<p style=\"text-align: center;\">Leiterin &amp; Referentin der Akademie<\/p>\r\n<p style=\"text-align: center;\">geweihte Schamanin und Geistheilerin<\/p>\r\n<p style=\"text-align: center;\">geweiht als Nusta (nach Tradition der Q&#8217;eros\/ Peru)<\/p>\r\n<p style=\"text-align: center;\">Einzelbehandlungen im Raum Graz\/Graz-Umgebung &amp; W\u00f6rschach m\u00f6glich<\/p>\r\n<p style=\"text-align: center;\">langj\u00e4hrige Erfahrungen, Aus- &amp; Weiterbildungen im Sozialbereich<\/p>\r\n<p style=\"text-align: center;\">+43 680 552 76 67<\/p>\r\n<p style=\"text-align: center;\"><a href=\"mailto:marina.erlacher@hotmail.com\">marina.erlacher@hotmail.com<\/a><\/p>\r\n<p>&nbsp;<\/p>\r\n<h2><em><img loading=\"lazy\" decoding=\"async\" class=\"wp-image-2490 aligncenter\" src=\"https:\/\/land-schamane.com\/cms\/wp-content\/uploads\/2024\/05\/logo-horst-002.jpg\" alt=\"\" width=\"457\" height=\"288\" srcset=\"https:\/\/land-schamane.com\/cms\/wp-content\/uploads\/2024\/05\/logo-horst-002.jpg 1280w, https:\/\/land-schamane.com\/cms\/wp-content\/uploads\/2024\/05\/logo-horst-002-300x189.jpg 300w, https:\/\/land-schamane.com\/cms\/wp-content\/uploads\/2024\/05\/logo-horst-002-1024x646.jpg 1024w, https:\/\/land-schamane.com\/cms\/wp-content\/uploads\/2024\/05\/logo-horst-002-768x485.jpg 768w\" sizes=\"auto, (max-width: 457px) 100vw, 457px\" \/><\/em><\/h2>\r\n<h2 style=\"text-align: center;\">Amaris Horst Longitsch<\/h2>\r\n<p style=\"text-align: center;\">Schamanischer Assistent &amp; Referent der Akademie<\/p>\r\n<p style=\"text-align: center;\">geweihter Schamane, Geistheiler und Humanenergetiker<\/p>\r\n<p style=\"text-align: center;\">Einzelbehandlungen im Raum Villach m\u00f6glich<\/p>\r\n<p style=\"text-align: center;\">Grundberuf: Optiker &amp; Kontaktlinsenspezialist<\/p>\r\n<p style=\"text-align: center;\">+43 664 90 40 490<\/p>\r\n<p style=\"text-align: center;\"><a href=\"mailto:optik.longitsch@gmail.com\">optik.longitsch@gmail.com<\/a><\/p>\r\n","protected":false},"excerpt":{"rendered":"<p>SCH\u00d6N, DASS DU DA BIST! Wir helfen dir sehr gerne auf deinem heilsamen Weg zu mehr GESUNDHEIT, LEBENSFREUDE &amp; SEELENFRIEDEN! Dolmar Kurt Br\u00fcckler Schirmherr der Akademie anerkannter Schamane der alpenl\u00e4ndischen Tradition als auch von indigenen V\u00f6lkern: Ehren-Sangoma (S\u00fcdafrika) \u2013 Ayahuascero (Amazonas) \u2013 Pampa Misa (Anden Peru)&nbsp;&nbsp; kurt@land-schamane.com &nbsp; Una Marina Erlacher Leiterin &amp; Referentin der [&hellip;]<\/p>\n","protected":false},"author":2,"featured_media":0,"parent":0,"menu_order":0,"comment_status":"closed","ping_status":"closed","template":"","meta":{"ngg_post_thumbnail":0,"footnotes":""},"class_list":["post-659","page","type-page","status-publish","hentry","post"],"_links":{"self":[{"href":"https:\/\/land-schamane.com\/cms\/wp-json\/wp\/v2\/pages\/659","targetHints":{"allow":["GET"]}}],"collection":[{"href":"https:\/\/land-schamane.com\/cms\/wp-json\/wp\/v2\/pages"}],"about":[{"href":"https:\/\/land-schamane.com\/cms\/wp-json\/wp\/v2\/types\/page"}],"author":[{"embeddable":true,"href":"https:\/\/land-schamane.com\/cms\/wp-json\/wp\/v2\/users\/2"}],"replies":[{"embeddable":true,"href":"https:\/\/land-schamane.com\/cms\/wp-json\/wp\/v2\/comments?post=659"}],"version-history":[{"count":28,"href":"https:\/\/land-schamane.com\/cms\/wp-json\/wp\/v2\/pages\/659\/revisions"}],"predecessor-version":[{"id":2970,"href":"https:\/\/land-schamane.com\/cms\/wp-json\/wp\/v2\/pages\/659\/revisions\/2970"}],"wp:attachment":[{"href":"https:\/\/land-schamane.com\/cms\/wp-json\/wp\/v2\/media?parent=659"}],"curies":[{"name":"wp","href":"https:\/\/api.w.org\/{rel}","templated":true}]}}