{"id":3150,"date":"2025-08-25T18:57:25","date_gmt":"2025-08-25T16:57:25","guid":{"rendered":"https:\/\/land-schamane.com\/cms\/?post_type=tribe_events&#038;p=3150"},"modified":"2025-08-25T18:57:25","modified_gmt":"2025-08-25T16:57:25","slug":"aura-lesung-seelen-channeling-einzeltermine","status":"publish","type":"tribe_events","link":"https:\/\/land-schamane.com\/cms\/event\/aura-lesung-seelen-channeling-einzeltermine\/","title":{"rendered":"Aura-Lesung &#038; Seelen-Channeling: Einzeltermine"},"content":{"rendered":"<p><span style=\"font-size: 24pt;\">Aura-Lesung &amp; Seelen-Channeling: Einzeltermine<\/span><\/p>\n<p>Wir m\u00f6chten euch herzlich zu dieser besonderen Gelegenheit einladen!<\/p>\n<p>H\u00f6re den Ruf deiner Seele&#8230;<br \/>\n&#8230; und bekomme Antworten auf deine Fragen!<\/p>\n<p>Finde dadurch zur Gesundheit und zum Frieden in dir selbst!<\/p>\n<p><img loading=\"lazy\" decoding=\"async\" class=\"alignnone size-full wp-image-3146\" src=\"https:\/\/land-schamane.com\/cms\/wp-content\/uploads\/2025\/08\/Aura-Reading_Seelen-Channeling_Graz_Okt-24.jpg\" alt=\"\" width=\"1414\" height=\"2000\" srcset=\"https:\/\/land-schamane.com\/cms\/wp-content\/uploads\/2025\/08\/Aura-Reading_Seelen-Channeling_Graz_Okt-24.jpg 1414w, https:\/\/land-schamane.com\/cms\/wp-content\/uploads\/2025\/08\/Aura-Reading_Seelen-Channeling_Graz_Okt-24-212x300.jpg 212w, https:\/\/land-schamane.com\/cms\/wp-content\/uploads\/2025\/08\/Aura-Reading_Seelen-Channeling_Graz_Okt-24-724x1024.jpg 724w, https:\/\/land-schamane.com\/cms\/wp-content\/uploads\/2025\/08\/Aura-Reading_Seelen-Channeling_Graz_Okt-24-768x1086.jpg 768w, https:\/\/land-schamane.com\/cms\/wp-content\/uploads\/2025\/08\/Aura-Reading_Seelen-Channeling_Graz_Okt-24-1086x1536.jpg 1086w\" sizes=\"auto, (max-width: 1414px) 100vw, 1414px\" \/><\/p>\n<p>Wenn du den Ruf deiner Seele annimmst, dann ist eine tiefgreifende L\u00f6sung von Problemen m\u00f6glich. Damit wieder Harmonie in K\u00f6rper, Geist &amp; Seele einkehrt.<\/p>\n<p>Infos &amp; Anmeldung:<\/p>\n<p>Marina Erlacher: <span class=\"a_GcMg font-feature-liga-off font-feature-clig-off font-feature-calt-off text-decoration-none text-strikethrough-none\">0680\/5527667<\/span><\/p>\n<p><a href=\"https:\/\/land-schamane.com\/cms\/wp-content\/uploads\/2025\/08\/Auralesung-Seelenchanneling_04.-05.10.25_Woerschach.pdf\">&#8211;&gt; Flyer als PDF-Datei<\/a><\/p>\n<p>&nbsp;<\/p>\n<p>Nutze auch die Gelegenheit am Freitag, dem 03. Oktober 2025, um mehr \u00fcber das spannende Thema &#8222;Seele &amp; Psyche&#8220; aus schamanischer Sicht sowie schamanische Seelen-Arbeit zu erfahren!&nbsp;<\/p>\n<p><img loading=\"lazy\" decoding=\"async\" class=\"alignnone size-full wp-image-3145\" src=\"https:\/\/land-schamane.com\/cms\/wp-content\/uploads\/2025\/08\/Plakat_Seele-Psyche_Woerschach-Okt-2025.jpg\" alt=\"\" width=\"1414\" height=\"2000\" srcset=\"https:\/\/land-schamane.com\/cms\/wp-content\/uploads\/2025\/08\/Plakat_Seele-Psyche_Woerschach-Okt-2025.jpg 1414w, https:\/\/land-schamane.com\/cms\/wp-content\/uploads\/2025\/08\/Plakat_Seele-Psyche_Woerschach-Okt-2025-212x300.jpg 212w, https:\/\/land-schamane.com\/cms\/wp-content\/uploads\/2025\/08\/Plakat_Seele-Psyche_Woerschach-Okt-2025-724x1024.jpg 724w, https:\/\/land-schamane.com\/cms\/wp-content\/uploads\/2025\/08\/Plakat_Seele-Psyche_Woerschach-Okt-2025-768x1086.jpg 768w, https:\/\/land-schamane.com\/cms\/wp-content\/uploads\/2025\/08\/Plakat_Seele-Psyche_Woerschach-Okt-2025-1086x1536.jpg 1086w\" sizes=\"auto, (max-width: 1414px) 100vw, 1414px\" \/><\/p>\n<p>Infos &amp; Anmeldung:<\/p>\n<p>Marina Erlacher: <span class=\"a_GcMg font-feature-liga-off font-feature-clig-off font-feature-calt-off text-decoration-none text-strikethrough-none\">0680\/5527667<\/span><\/p>\n<p><a href=\"https:\/\/land-schamane.com\/cms\/wp-content\/uploads\/2025\/08\/Themen-Abend-Seele-Psyche_03.10.2025_Woerschach.pdf\">&#8211;&gt; Flyer als PDF-Datei<\/a><\/p>\n<p>&nbsp;<\/p>\n<p><a href=\"https:\/\/land-schamane.com\/cms\/event\/schamanische-seelen-arbeit\/\">Spezielle Einkehrtage f\u00fcr intensive schamanische Seelen-Arbeit<\/a> im November 2025 veranstalten wir vom 28. bis 30.11.2025.<\/p>\n<p>&nbsp;<\/p>\n<p>Wir freuen uns sehr auf dich!<\/p>\n<p>Alles Liebe und eine Umarmung von Herz zu Herz \u2728\u2728<\/p>\n<p>Marina &amp; Horst<\/p>\n<p>&nbsp;<\/p>\n<p>Mehr von uns:<\/p>\n<p>\u2b50&nbsp;&nbsp; <a href=\"https:\/\/t.me\/+MdNDVjZxVJczODRk\">Telegram Newsletter- &amp; Austauschgruppe<\/a><\/p>\n<p>\u2b50 &nbsp; <a href=\"https:\/\/chat.whatsapp.com\/Fyn4nnvV8dVDwhcttR059a\">Whatsapp Newsletter-Gruppe<\/a><\/p>\n<p>\u2b50&nbsp;&nbsp; <a href=\"https:\/\/www.instagram.com\/akademie__fuer__schamanismus\/\">Instagram<\/a><\/p>\n<p>\u2b50&nbsp;&nbsp; <a href=\"https:\/\/www.facebook.com\/SchamanenschuleKurtBrueckler\">Facebook<\/a><\/p>\n","protected":false},"excerpt":{"rendered":"<p>Aura-Lesung &amp; Seelen-Channeling: Einzeltermine Wir m\u00f6chten euch herzlich zu dieser besonderen Gelegenheit einladen! H\u00f6re den Ruf deiner Seele&#8230; &#8230; und bekomme Antworten auf deine Fragen! Finde dadurch zur Gesundheit und zum Frieden in dir selbst! Wenn du den Ruf deiner Seele annimmst, dann ist eine tiefgreifende L\u00f6sung von Problemen m\u00f6glich. Damit wieder Harmonie in K\u00f6rper, [&hellip;]<\/p>\n","protected":false},"author":3,"featured_media":3141,"template":"","meta":{"ngg_post_thumbnail":0,"_tribe_events_status":"","_tribe_events_status_reason":"","footnotes":""},"tags":[66,483,221,482,311,484,481,487,486,87,365,488,88,472,485,312,217,214,132,480,489],"tribe_events_cat":[128,122,147],"class_list":["post-3150","tribe_events","type-tribe_events","status-publish","has-post-thumbnail","hentry","tag-aura","tag-aura-lesen","tag-aura-sehen","tag-aura-lesung","tag-aura-reading","tag-auralesung","tag-aurareading","tag-besetzung","tag-fluch","tag-karma","tag-karma-aufloesen","tag-karma-heilung","tag-karma-loesen","tag-karma-loesung","tag-schamanische-seelen-arbeit","tag-seelen-channeling","tag-seelenanteile","tag-seelenanteilsrueckholung","tag-seelenarbeit","tag-seelenchanneling","tag-seelenheilung","tribe_events_cat-seminare-zur-aktivierung-der-selbstheilungskraefte","tribe_events_cat-fortbildungen","tribe_events_cat-workshop","cat_seminare-zur-aktivierung-der-selbstheilungskraefte","cat_fortbildungen","cat_workshop","post","post-with-thumbnail","post-with-thumbnail-large"],"_links":{"self":[{"href":"https:\/\/land-schamane.com\/cms\/wp-json\/wp\/v2\/tribe_events\/3150","targetHints":{"allow":["GET"]}}],"collection":[{"href":"https:\/\/land-schamane.com\/cms\/wp-json\/wp\/v2\/tribe_events"}],"about":[{"href":"https:\/\/land-schamane.com\/cms\/wp-json\/wp\/v2\/types\/tribe_events"}],"author":[{"embeddable":true,"href":"https:\/\/land-schamane.com\/cms\/wp-json\/wp\/v2\/users\/3"}],"version-history":[{"count":1,"href":"https:\/\/land-schamane.com\/cms\/wp-json\/wp\/v2\/tribe_events\/3150\/revisions"}],"predecessor-version":[{"id":3151,"href":"https:\/\/land-schamane.com\/cms\/wp-json\/wp\/v2\/tribe_events\/3150\/revisions\/3151"}],"wp:featuredmedia":[{"embeddable":true,"href":"https:\/\/land-schamane.com\/cms\/wp-json\/wp\/v2\/media\/3141"}],"wp:attachment":[{"href":"https:\/\/land-schamane.com\/cms\/wp-json\/wp\/v2\/media?parent=3150"}],"wp:term":[{"taxonomy":"post_tag","embeddable":true,"href":"https:\/\/land-schamane.com\/cms\/wp-json\/wp\/v2\/tags?post=3150"},{"taxonomy":"tribe_events_cat","embeddable":true,"href":"https:\/\/land-schamane.com\/cms\/wp-json\/wp\/v2\/tribe_events_cat?post=3150"}],"curies":[{"name":"wp","href":"https:\/\/api.w.org\/{rel}","templated":true}]}}

<p><span style="font-size: 24pt;">Aura-Lesung &amp; Seelen-Channeling: Einzeltermine</span></p>
<p>Wir möchten euch herzlich zu dieser besonderen Gelegenheit einladen!</p>
<p>Höre den Ruf deiner Seele&#8230;<br />
&#8230; und bekomme Antworten auf deine Fragen!</p>
<p>Finde dadurch zur Gesundheit und zum Frieden in dir selbst!</p>
<p><img loading="lazy" decoding="async" class="alignnone size-full wp-image-3146" src="https://land-schamane.com/cms/wp-content/uploads/2025/08/Aura-Reading_Seelen-Channeling_Graz_Okt-24.jpg" alt="" width="1414" height="2000" srcset="https://land-schamane.com/cms/wp-content/uploads/2025/08/Aura-Reading_Seelen-Channeling_Graz_Okt-24.jpg 1414w, https://land-schamane.com/cms/wp-content/uploads/2025/08/Aura-Reading_Seelen-Channeling_Graz_Okt-24-212x300.jpg 212w, https://land-schamane.com/cms/wp-content/uploads/2025/08/Aura-Reading_Seelen-Channeling_Graz_Okt-24-724x1024.jpg 724w, https://land-schamane.com/cms/wp-content/uploads/2025/08/Aura-Reading_Seelen-Channeling_Graz_Okt-24-768x1086.jpg 768w, https://land-schamane.com/cms/wp-content/uploads/2025/08/Aura-Reading_Seelen-Channeling_Graz_Okt-24-1086x1536.jpg 1086w" sizes="auto, (max-width: 1414px) 100vw, 1414px" /></p>
<p>Wenn du den Ruf deiner Seele annimmst, dann ist eine tiefgreifende Lösung von Problemen möglich. Damit wieder Harmonie in Körper, Geist &amp; Seele einkehrt.</p>
<p>Infos &amp; Anmeldung:</p>
<p>Marina Erlacher: <span class="a_GcMg font-feature-liga-off font-feature-clig-off font-feature-calt-off text-decoration-none text-strikethrough-none">0680/5527667</span></p>
<p><a href="https://land-schamane.com/cms/wp-content/uploads/2025/08/Auralesung-Seelenchanneling_04.-05.10.25_Woerschach.pdf">&#8211;&gt; Flyer als PDF-Datei</a></p>
<p>&nbsp;</p>
<p>Nutze auch die Gelegenheit am Freitag, dem 03. Oktober 2025, um mehr über das spannende Thema &#8222;Seele &amp; Psyche&#8220; aus schamanischer Sicht sowie schamanische Seelen-Arbeit zu erfahren!&nbsp;</p>
<p><img loading="lazy" decoding="async" class="alignnone size-full wp-image-3145" src="https://land-schamane.com/cms/wp-content/uploads/2025/08/Plakat_Seele-Psyche_Woerschach-Okt-2025.jpg" alt="" width="1414" height="2000" srcset="https://land-schamane.com/cms/wp-content/uploads/2025/08/Plakat_Seele-Psyche_Woerschach-Okt-2025.jpg 1414w, https://land-schamane.com/cms/wp-content/uploads/2025/08/Plakat_Seele-Psyche_Woerschach-Okt-2025-212x300.jpg 212w, https://land-schamane.com/cms/wp-content/uploads/2025/08/Plakat_Seele-Psyche_Woerschach-Okt-2025-724x1024.jpg 724w, https://land-schamane.com/cms/wp-content/uploads/2025/08/Plakat_Seele-Psyche_Woerschach-Okt-2025-768x1086.jpg 768w, https://land-schamane.com/cms/wp-content/uploads/2025/08/Plakat_Seele-Psyche_Woerschach-Okt-2025-1086x1536.jpg 1086w" sizes="auto, (max-width: 1414px) 100vw, 1414px" /></p>
<p>Infos &amp; Anmeldung:</p>
<p>Marina Erlacher: <span class="a_GcMg font-feature-liga-off font-feature-clig-off font-feature-calt-off text-decoration-none text-strikethrough-none">0680/5527667</span></p>
<p><a href="https://land-schamane.com/cms/wp-content/uploads/2025/08/Themen-Abend-Seele-Psyche_03.10.2025_Woerschach.pdf">&#8211;&gt; Flyer als PDF-Datei</a></p>
<p>&nbsp;</p>
<p><a href="https://land-schamane.com/cms/event/schamanische-seelen-arbeit/">Spezielle Einkehrtage für intensive schamanische Seelen-Arbeit</a> im November 2025 veranstalten wir vom 28. bis 30.11.2025.</p>
<p>&nbsp;</p>
<p>Wir freuen uns sehr auf dich!</p>
<p>Alles Liebe und eine Umarmung von Herz zu Herz ✨✨</p>
<p>Marina &amp; Horst</p>
<p>&nbsp;</p>
<p>Mehr von uns:</p>
<p>⭐&nbsp;&nbsp; <a href="https://t.me/+MdNDVjZxVJczODRk">Telegram Newsletter- &amp; Austauschgruppe</a></p>
<p>⭐ &nbsp; <a href="https://chat.whatsapp.com/Fyn4nnvV8dVDwhcttR059a">Whatsapp Newsletter-Gruppe</a></p>
<p>⭐&nbsp;&nbsp; <a href="https://www.instagram.com/akademie__fuer__schamanismus/">Instagram</a></p>
<p>⭐&nbsp;&nbsp; <a href="https://www.facebook.com/SchamanenschuleKurtBrueckler">Facebook</a></p>

<p>Aura-Lesung &amp; Seelen-Channeling: Einzeltermine Wir möchten euch herzlich zu dieser besonderen Gelegenheit einladen! Höre den Ruf deiner Seele&#8230; &#8230; und bekomme Antworten auf deine Fragen! Finde dadurch zur Gesundheit und zum Frieden in dir selbst! Wenn du den Ruf deiner Seele annimmst, dann ist eine tiefgreifende Lösung von Problemen möglich. Damit wieder Harmonie in Körper, [&hellip;]</p>
